alse
Let c(s) = s**2 - 5*s - 11. Let m be (24/2)/(1 - 2). Let q be m*((-20)/(-6))/(-5). Is 13 a factor of c(q)?
True
Let j = -2006 - -3224. Does 14 divide j?
True
Suppose 402*r + 177 = 405*r. Does 16 divide r?
False
Suppose 0 = -5*x - 2*h + 6, -1 = -4*x + 3*h - 10. Suppose 2*q - f = 51, 0 = -x*q + q - 3*f - 13. Does 7 divide q?
True
Suppose 4*q = 24 + 988. Does 14 divide q?
False
Let o(d) = -d**3 - 16*d**2 - 13*d + 34. Let v(n) = n**2 - 27*n + 11. Let p be v(26). Is 2 a factor of o(p)?
True
Let s(r) = 8*r - 10. Suppose -2*t - 2*t = -56. Suppose t = 4*g + 2*f, 3*f - 5*f + 6 = 2*g. Is s(g) a multiple of 10?
False
Suppose 7*a - 2*a = 1620. Is 36 a factor of a?
True
Let g = -7 + 15. Let r = 20 + g. Does 4 divide r?
True
Let a = 1425 + -527. Is a a multiple of 3?
False
Suppose -103*n + 143*n = 10800. Is n a multiple of 6?
True
Let n be 6/(-27) + (-94)/(-18). Suppose 2*f - 2*h = 34, n*f + h - 13 = 72. Does 5 divide f?
False
Let c(m) = 0*m**2 - 3*m + m**2 + 9*m + 4. Let l be c(-6). Suppose -l*t = 3*n - 327, 0*n - n = -5*t + 385. Is t a multiple of 13?
True
Suppose -r = 80*r - 326511. Does 86 divide r?
False
Suppose 4*x = 28 - 8. Let v = -3 + x. Suppose v*n + 160 = 6*n. Is 10 a factor of n?
True
Suppose 0 = 10*k - 7*k - 186. Is 5 a factor of k?
False
Let a be (-25 - (0 - -3))*90/(-12). Suppose -49*s + 51*s - a = 0. Is s a multiple of 15?
True
Let g = -256 - -383. Is g even?
False
Suppose -3*p = 12, 5*b - 4*p + 94 = -0*b. Let r = 37 + b. Is r a multiple of 11?
False
Let d(z) = z**2 - 2*z + z**3 - 4 - 4*z + 10*z**2 - 8*z**2. Does 5 divide d(3)?
False
Suppose -5*q = 2*l - l - 9, q = -3*l + 27. Suppose 942 + 48 = l*y. Does 14 divide y?
False
Suppose -4*s + 3 = -5*y, -5*s + 0*y - 2*y = 21. Let u be (2 + 10)*(-8)/s. Let z = 55 - u. Is 17 a factor of z?
False
Suppose 0*s - s = n - 5, -6 = -s - 2*n. Let w be s/20 - 9/(-5). Suppose w*x - 21 = x. Does 13 divide x?
False
Let z(i) = i**2 + i - 29. Let r be z(0). Let l = 39 + r. Suppose -5*j = -l*j + 365. Is 9 a factor of j?
False
Let k = 582 - 120. Is 42 a factor of k?
True
Let c be 2/(-17) + (-18)/(-204)*58. Suppose -2 = 5*m + 3, -2*b - m = -9. Suppose -3*i - b*t = -5*i + 102, c*i + 3*t - 193 = 0. Is 25 a factor of i?
False
Let u be 4*((-10)/8 - -3). Suppose u*o - 43 - 62 = 0. Is 5 a factor of o?
True
Suppose 0 = -23*l + 3942 + 2728. Is 64 a factor of l?
False
Suppose -4 = 3*l - 34. Let j(b) = -b**2 + 18*b - 23. Does 19 divide j(l)?
True
Let z = 20 - 4. Let h = z + 13. Does 6 divide h?
False
Let c be (1 - 0 - (12 - -5))*-1. Suppose -2*v - z + 5*z + c = 0, 0 = -v - 5*z + 15. Is v a multiple of 5?
True
Is -1*270/25*(-130)/4 a multiple of 9?
True
Let f(h) = 15*h**3 - 2*h**2 + 2*h - 1. Suppose -5*a + 5*z + 5 = 0, 0 = 3*z - 6*z + 9. Let i be a/12*(-9)/(-3). Does 7 divide f(i)?
True
Suppose -1 = -2*f - 3. Does 7 divide (28 - -7)*(-1)/f?
True
Is 8 a factor of (-6)/4 + 0 + (-2535)/(-30)?
False
Suppose 0 = 6*d - 19 + 1. Suppose -4*w + d*t = -535, -5*t = 2*w - 3*t - 264. Is w a multiple of 19?
True
Does 4 divide 2/(-7)*1 - (-918)/126?
False
Suppose -2*n + 5*m = -4, n = m + 1 + 1. Suppose 0 = -5*b + n*c + 3*c + 245, 3*c - 6 = 0. Is 17 a factor of b?
True
Let w(s) = 6*s + 56. Let u be w(-8). Does 61 divide 12/u*772/6?
False
Let w(p) = 209*p. Let k be w(1). Let r = k - 106. Does 41 divide r?
False
Suppose -30*s = -13596 - 2514. Does 3 divide s?
True
Let j = -8 - -12. Suppose -o - 243 = -v, 0 = -3*v + 8*o - j*o + 732. Is v a multiple of 40?
True
Suppose -1022*a + 1034*a = 8820. Is a a multiple of 13?
False
Let p = -567 - -809. Does 25 divide p?
False
Let t(z) = -z**3 + 11*z**2 + 13*z + 11. Is t(10) a multiple of 19?
False
Suppose -a = -0*a. Suppose 6 = -a*k + 2*k, 2*s - k - 191 = 0. Let z = s + -64. Is z a multiple of 12?
False
Is 4/(-10) + (3186/15 - -5) a multiple of 11?
False
Let h(x) = -x**3 + x**2 + 13*x + 22. Is 25 a factor of h(-4)?
True
Let i(g) = 6*g**2 - g - 3. Let y be i(-5). Is 11 a factor of (y/(-10))/(2/(-10)) - 1?
False
Suppose 0 = n + n - 10. Suppose 0 = 2*z + 5*y - 156, n*y + 9 = z - 84. Is 20 a factor of z?
False
Let x = -1 + -21. Suppose -d = -2*d + 46. Let r = x + d. Is r a multiple of 12?
True
Let b(g) = -g**2 - g - 5. Let p be b(8). Let v = -29 - p. Suppose z - 3*c - c = 15, -2*z + 2*c = -v. Is 9 a factor of z?
True
Let p = -9 - -4. Is (-398)/p - (-18)/45 a multiple of 20?
True
Let m(a) be the first derivative of -a**4/4 + 7*a**3/3 + 4*a**2 + 7*a - 18. Let g(f) = -f. Let z be g(-8). Is m(z) even?
False
Suppose 0 = 19*p - 640 - 1868. Let w = 156 - p. Is w a multiple of 3?
True
Suppose 0 = 3*u - 15, -3*u = l - 2*u - 78. Let r = 127 - l. Does 27 divide r?
True
Let t = 928 - 722. Does 28 divide t?
False
Let j(n) = n + 3 + 0 - 1 + 2*n**2 - 3*n**2. Let p be j(2). Does 8 divide (-40)/(-1) + p/1?
True
Is 50 a factor of (9/1)/3 - -995 - -2?
True
Let i be ((-30)/(-4))/((-27)/(-72)). Suppose -5*t = 3*g - 5 - 10, -t = 4*g - i. Let d(n) = 14*n - 7. Does 16 divide d(g)?
False
Let g = -2 + 22. Is g a multiple of 8?
False
Suppose 0 = 3*p - 0*p - 5*w - 366, -3*w - 9 = 0. Does 4 divide p?
False
Let w = -124 + 227. Is 59 a factor of w?
False
Suppose 3*i - 79 + 18 = -2*y, 0 = 4*i - 3*y - 104. Suppose 2*o = i - 3. Is o a multiple of 5?
True
Let a = 11 + -8. Is 10 a factor of 6/(-18)*-15*(1 + a)?
True
Let p = -148 - -179. Is 8 a factor of p?
False
Is 26 a factor of (-1)/(4 + 4 + 1665/(-208))?
True
Let b be (-24)/84 - (-5)/(-7). Let r(n) = 5*n**2 + 2*n + 1. Let s be r(b). Suppose j - 3 = 0, -v = s*v + 4*j - 92. Is 11 a factor of v?
False
Let j be (-4*(1 + -3))/2. Suppose j*x = 5*x. Suppose -72 = -5*a + 3*p, -3*a + p = -x*p - 44. Is a a multiple of 3?
True
Suppose 0 = 2*r - 9*r + 21. Suppose -r*f = -2*f - 129. Does 29 divide f?
False
Suppose -12*q + 7*q = -1000. Is 38 a factor of q?
False
Suppose -2*d = -7*d. Suppose 5*q - 2 - 3 = d. Suppose 0 = -f + 3*c + 49, -4*c = -3*c + q. Is 15 a factor of f?
False
Let y = 143 - -42. Suppose -2*t = -t - 4*z - 49, 0 = 4*t - 5*z - y. Is t a multiple of 15?
True
Suppose c = -2*c - 12, -4*t - 2*c = 1084. Let l = -149 - t. Is l a multiple of 20?
True
Let u(m) = 2*m**2 - 15*m + 13. Let v be (-2)/1*(-6 - -1). Is u(v) a multiple of 30?
False
Let o(c) = -2*c**2 + 13*c + 11. Is 3 a factor of o(6)?
False
Let w = 213 - 115. Suppose d + w = -y + 3*y, -y + 3*d + 44 = 0. Suppose 0 = -2*t - 18 + y. Does 4 divide t?
True
Let o be ((-132)/(-55))/((-3)/(-160) - 0). Let z = o + 123. Is 50 a factor of z?
False
Let y = -23 - -19. Let n be (32/(-16))/(2/y). Suppose 52 = n*l - 4. Is l a multiple of 9?
False
Let j = 193 - -111. Is j a multiple of 13?
False
Is 9 a factor of (-25)/50*64/(-1)?
False
Let g be (3 + 36/(-8))*-4. Is 27 a factor of -6 + g + 55 + -1?
True
Let i = 54 + -49. Suppose 0*v + i*v = 150. Is v a multiple of 15?
True
Let o be 3/2 + (-1)/(-2). Does 21 divide ((-1)/(o/(-84)))/1?
True
Does 37 divide ((-33)/(-5))/(-2*10/(-200))?
False
Is (-1)/(-5)*177 - (-56)/(-140) a multiple of 7?
True
Suppose -4*m = -5*m. Let v(u) = 2*u + 7 + m + 2. Is 11 a factor of v(12)?
True
Is 104/4*3*7/6 a multiple of 3?
False
Let c = 2 - -2. Is 5 a factor of (63/6)/(2/c)?
False
Suppose -2*o + 3*k + 6954 = -1266, -4*k = 3*o - 12296. Is o a multiple of 152?
True
Let t(i) = 2*i**2 - 41*i - 49. Is 10 a factor of t(-27)?
False
Suppose 32 = 3*a + 2*y - 3*y, -3*a - 3*y + 12 = 0. Suppose a*g - 112 = 5*g - 2*l, -g + 23 = 3*l. Is g a multiple of 8?
False
Suppose 4*t + 8 = 8*t. Suppose t*v + 123 = 3*v. Let j = 182 - v. Does 21 divide j?
False
Let s(u) = 14*u - 2 - 2*u**2 - 24*u + 14*u. Let a be s(2). Is 14 a factor of (-4)/(a + -2) + 69?
True
Let z = 4125 - 2317. Is z a multiple of 86?
False
Let v(t) = -2*t**2 - 9*t + 10. Let g be v(-5). Suppose 2*w - 144 = -4*p - p, 191 = 3*w - g*p. Does 32 divide w?
False
Let c be (-571)/(-3) - 4/(-6). Let u = c + -74. Suppose 4 - 5 = -i, 4*a - u = 3*i. Is a a multiple of 10?
True
Let n(x) = -x - 10. Let p be n(-10). Suppose p = g + 4*g - 55. Let j = 25 - g. Is 6 a factor of j?
False
Suppose 2*l = 3*p - 3*l + 18, 0 = 3*p + l. Is 21 a factor of 24 + p + (-5 - 3/(-1))?
True
Let y be 0 + (-1 - (4 + 6/(-3))). Is 8 a factor of 2/13 + (y - 427/(-13))?
False
Let t = 37 - 20. Suppose t*i = 10*i + 1204. Is i a multiple of 43?
True
Let q(l) = -151*l**3 - 3*l**2 + l + 1. Does 15 divide q(-1)?
False
Let v(a)